687962?
2
What is the millions digit of 87923027?
7
What is the ten thousands digit of 4164010460?
1
What is the hundred millions digit of 1108439138?
1
What is the millions digit of 36096427?
6
What is the millions digit of 84674198?
4
What is the billions digit of 5413649031?
5
What is the millions digit of 83695584?
3
What is the ten thousands digit of 41910364?
1
What is the units digit of 59992826?
6
What is the units digit of 104805541?
1
What is the ten thousands digit of 3913416?
1
What is the ten millions digit of 48975753?
4
What is the hundred millions digit of 5275940183?
2
What is the hundred millions digit of 264102205?
2
What is the hundreds digit of 496345541?
5
What is the thousands digit of 2001247125?
7
What is the hundreds digit of 19256595?
5
What is the millions digit of 7185336148?
5
What is the hundreds digit of 564762629?
6
What is the hundred millions digit of 234176226?
2
What is the ten millions digit of 62886443?
6
What is the ten thousands digit of 242205612?
0
What is the ten thousands digit of 265367878?
6
What is the ten thousands digit of 42639194?
3
What is the thousands digit of 591295407?
5
What is the hundreds digit of 178953944?
9
What is the hundred thousands digit of 72949669?
9
What is the hundred thousands digit of 1328640263?
6
What is the billions digit of 2304820732?
2
What is the ten thousands digit of 55211334?
1
What is the hundreds digit of 24134560?
5
What is the ten thousands digit of 16538456?
3
What is the tens digit of 500516044?
4
What is the millions digit of 2264069873?
4
What is the millions digit of 43877008?
3
What is the hundred thousands digit of 494116487?
1
What is the hundred thousands digit of 15979221?
9
What is the ten thousands digit of 254923984?
2
What is the hundred millions digit of 4722809111?
7
What is the hundred millions digit of 262681220?
2
What is the thousands digit of 960014460?
4
What is the ten thousands digit of 438270181?
7
What is the units digit of 5995948990?
0
What is the ten thousands digit of 190533403?
3
What is the hundred thousands digit of 653457414?
4
What is the millions digit of 682687981?
2
What is the ten thousands digit of 8287525824?
2
What is the hundreds digit of 52764887?
8
What is the thousands digit of 255907163?
7
What is the millions digit of 2299035151?
9
What is the tens digit of 306746939?
3
What is the hundred millions digit of 380517857?
3
What is the hundred millions digit of 4384677523?
3
What is the ten thousands digit of 356074293?
7
What is the hundred thousands digit of 4096690194?
6
What is the ten millions digit of 480889781?
8
What is the units digit of 1027845566?
6
What is the hundreds digit of 958029142?
1
What is the ten thousands digit of 480128819?
2
What is the hundreds digit of 3444317238?
2
What is the hundreds digit of 48286259?
2
What is the units digit of 44274828?
8
What is the hundreds digit of 420804289?
2
What is the hundred thousands digit of 37763044?
7
What is the ten thousands digit of 1899935426?
3
What is the billions digit of 2003196256?
2
What is the units digit of 69712308?
8
What is the thousands digit of 161796609?
6
What is the millions digit of 101830458?
1
What is the hundreds digit of 208081950?
9
What is the ten millions digit of 4877671722?
7
What is the millions digit of 1855595591?
5
What is the hundreds digit of 121579343?
3
What is the tens digit of 1435800277?
7
What is the ten millions digit of 491376674?
9
What is the ten thousands digit of 24781440?
8
What is the billions digit of 1930905791?
1
What is the ten millions digit of 47819528?
4
What is the hundred millions digit of 4023368416?
0
What is the ten millions digit of 263303718?
6
What is the ten thousands digit of 48742783?
4
What is the thousands digit of 470684493?
4
What is the ten thousands digit of 371836801?
3
What is the units digit of 1120280207?
7
What is the millions digit of 692970440?
2
What is the ten thousands digit of 13343224?
4
What is the ten millions digit of 422840137?
2
What is the tens digit of 35310667?
6
What is the ten thousands digit of 827620598?
2
What is the units digit of 2967893867?
7
What is the hundred thousands digit of 262563060?
5
What is the ten millions digit of 800745119?
0
What is the ten thousands digit of 277226361?
2
What is the thousands digit of 538798917?
8
What is the ten millions digit of 97443180?
9
What is the hundreds digit of 1260001737?
7
What is the ten thousands digit of 2003233867?
3
What is the units digit of 776461722?
2
What is the millions digit of 23156228?
3
What is the hundreds digit of 82154162?
1
What is the ten millions digit of 7065075030?
6
What is the millions digit of 1523565016?
3
What is the hundred thousands digit of 46641011?
6
What is the tens digit of 128912703?
0
What is the units digit of 26953506?
6
What is the ten thousands digit of 265338825?
3
What is the millions digit of 98131763?
8
What is the units digit of 2308145793?
3
What is the units digit of 1956451783?
3
What is the units digit of 76855634?
4
What is the hundred thousands digit of 2773214445?
2
What is the hundreds digit of 1078009759?
7
What is the ten thousands digit of 290132498?
3
What is the tens digit of 68424114?
1
What is the millions digit of 4512223211?
2
What is the ten thousands digit of 119865857?
6
What is the hundred thousands digit of 42658339?
6
What is the tens digit of 303785492?
9
What is the hundreds digit of 57028419?
4
What is the hundreds digit of 1600109951?
9
What is the ten millions digit of 353309999?
5
What is the tens digit of 36999178?
7
What is the ten thousands digit of 67428942?
2
What is the hundred thousands digit of 908052910?
0
What is the ten millions digit of 63362050?
6
What is the tens digit of 631463067?
6
What is the ten thousands digit of 5095159209?
5
What is the thousands digit of 20933518?
3
What is the hundred thousands digit of 932259628?
2
What is the ten millions digit of 1396003594?
9
What is the hundred thousands digit of 71919679?
9
What is the thousands digit of 574599652?
9
What is the tens digit of 228257231?
3
What is the millions digit of 27127587?
7
What is the tens digit of 258463120?
2
What is the ten thousands digit of 1897832?
9
What is the ten thousands digit of 525975158?
7
What is the millions digit of 2590676794?
0
What is the tens digit of 338012194?
9
What is the tens digit of 4275854939?
3
What is the tens digit of 768385807?
0
What is the millions digit of 26726390?
6
What is the units digit of 2484977491?
1
What is the millions digit of 40577940?
0
What is the hundred thousands digit of 11652423?
6
What is the hundred millions digit of 1658311432?
6
What is the ten thousands digit of 3802254681?
5
What is the ten millions digit of 83922540?
8
What is the billions digit of 3526794166?
3
What is the thousands digit of 77978018?
8
What is the hundred thousands digit of 7492943104?
9
What is the ten thousands digit of 973931133?
3
What is the ten millions digit of 6334108641?
3
What is the hundred thousands digit of 1187674665?
6
What is the millions digit of 4304896955?
4
What is the ten millions digit of 52985170?
5
What is the millions digit of 5073922?
5
What is the millions digit of 144128683?
4
What is the hundred thousands digit of 3453574250?
5
What is the ten thousands digit of 238134080?
3
What is the millions digit of 667754278?
7
What is the tens digit of 191338392?
9
What is the hundred thousands digit of 818160337?
1
What is the hundreds digit of 68172884?
8
What is the hundred millions digit of 1865650350?
8
What is the millions digit of 90689824?
0
What is the billions digit of 4278767392?
4
What is the millions digit of 505536456?
5
What is the hundreds digit of 7326324624?
6
What is the ten millions digit of 637144603?
3
What is the thousands digit of 20456091?
6
What is the thousands digit of 274455940?
5
What is the units digit of 267280301?
1
What is the ten thousands digit of 754954956?
5
What is the hundred millions digit of 1177585518?
1
What is the hundred millions digit of 132857813?
1
What is the units digit of 186229851?
1
What is the hundreds digit of 3634392340?
3
What is the millions digit of 195767199?
5
What is the thousands digit of 345296751?
6
What is the units digit of 307